is the highest common divisor of 42478183 and 814?
407
What is the highest common divisor of 10756756 and 4?
4
Calculate the highest common divisor of 90 and 900360.
90
Calculate the greatest common factor of 22040 and 63340.
20
What is the greatest common factor of 96 and 768934976?
32
What is the greatest common divisor of 149 and 186663?
1
What is the highest common divisor of 170623092 and 12?
12
Calculate the highest common divisor of 958360 and 1900.
380
Calculate the highest common divisor of 50249145 and 45.
15
What is the greatest common divisor of 460367434 and 492?
82
Calculate the greatest common divisor of 57028536 and 648.
648
What is the highest common factor of 22 and 36463958?
2
What is the greatest common divisor of 105 and 8083362?
21
Calculate the greatest common divisor of 1037590577 and 597.
199
What is the highest common divisor of 1302 and 26797206?
186
What is the highest common divisor of 35090 and 11270270?
3190
Calculate the highest common divisor of 56730 and 1286490.
1830
What is the greatest common divisor of 106354 and 332032?
2594
Calculate the highest common factor of 1905 and 23305.
5
What is the greatest common factor of 392232 and 556216?
2216
What is the highest common factor of 53650 and 15870?
10
What is the highest common factor of 681694160 and 21280?
10640
Calculate the greatest common factor of 165156801 and 8853.
681
What is the greatest common divisor of 295458 and 288696?
138
What is the greatest common divisor of 10095012 and 491879?
4597
Calculate the highest common divisor of 100595 and 9441949.
341
What is the greatest common factor of 510815 and 676875?
1805
What is the greatest common factor of 1626760 and 128104?
536
Calculate the greatest common divisor of 5452722 and 4554.
198
Calculate the highest common divisor of 168879428 and 544.
68
Calculate the highest common factor of 237986 and 19936.
1246
What is the greatest common factor of 202446 and 269376?
138
Calculate the highest common divisor of 723 and 1546015.
241
What is the greatest common divisor of 3800 and 28525840?
760
What is the greatest common divisor of 30250 and 8488029?
121
Calculate the highest common divisor of 8613 and 50540127.
957
Calculate the highest common divisor of 12 and 13756053.
3
Calculate the highest common divisor of 609127944 and 1464.
1464
What is the greatest common divisor of 473 and 5296138?
43
Calculate the greatest common divisor of 2330 and 124890796.
466
What is the greatest common factor of 98 and 179487833?
49
What is the highest common divisor of 160 and 1050460?
20
Calculate the greatest common factor of 50043371 and 343.
7
What is the greatest common factor of 149825789 and 197?
197
Calculate the highest common factor of 15041 and 2262914.
89
Calculate the greatest common divisor of 41320 and 460.
20
Calculate the highest common factor of 15552 and 2759616.
1728
What is the greatest common factor of 272 and 4607504?
16
What is the greatest common divisor of 4616 and 37553468?
2308
Calculate the highest common factor of 594232 and 16.
8
What is the highest common factor of 68871897 and 2349?
783
Calculate the highest common factor of 426235136 and 32.
32
Calculate the greatest common divisor of 13596 and 2952774.
66
What is the greatest common divisor of 16662859 and 4?
1
What is the greatest common factor of 574724 and 6164?
92
What is the greatest common divisor of 231690 and 135690?
30
What is the highest common factor of 56003865 and 1445?
1445
Calculate the greatest common divisor of 1445904 and 24336.
144
What is the greatest common divisor of 234 and 6587388?
18
Calculate the highest common factor of 6153655 and 2175.
145
Calculate the greatest common divisor of 252 and 48267870.
42
What is the highest common divisor of 289 and 277?
1
What is the greatest common factor of 781 and 6387799?
781
Calculate the greatest common divisor of 66163 and 15369.
109
Calculate the highest common divisor of 1413127 and 3322814.
2069
What is the greatest common factor of 43 and 14545997?
43
What is the greatest common divisor of 89760 and 2123880?
1320
What is the highest common factor of 426271 and 232?
29
What is the greatest common factor of 38948078 and 3058?
278
Calculate the greatest common divisor of 1258710 and 45.
15
What is the greatest common divisor of 3318255 and 232560?
855
What is the greatest common factor of 23664 and 458287?
29
What is the greatest common factor of 208 and 123972?
4
Calculate the greatest common divisor of 873054 and 2002.
182
Calculate the highest common factor of 84875 and 34825.
175
Calculate the highest common divisor of 849644 and 52.
4
What is the greatest common divisor of 156422842 and 74062?
3898
What is the highest common factor of 82988576 and 242?
242
Calculate the greatest common factor of 1890 and 275454.
54
Calculate the highest common factor of 732 and 19629312.
732
Calculate the highest common factor of 33672 and 208104.
552
What is the highest common factor of 1008 and 35117664?
48
Calculate the highest common divisor of 39464543 and 15043.
307
What is the greatest common divisor of 1667 and 6529?
1
What is the greatest common factor of 86458958 and 70208?
2194
What is the highest common factor of 8947844 and 137670?
706
Calculate the highest common factor of 23 and 54172567.
23
Calculate the greatest common divisor of 9669839 and 111.
37
What is the highest common divisor of 632455 and 410?
5
Calculate the greatest common divisor of 331 and 46418447.
331
What is the greatest common divisor of 68235444 and 72?
36
What is the highest common factor of 6273 and 1154396?
41
What is the highest common divisor of 57822385 and 6340?
1585
Calculate the highest common factor of 14287 and 874804.
1099
Calculate the highest common factor of 9170267 and 2746.
1373
What is the highest common factor of 16568274 and 12?
6
Calculate the greatest common factor of 5 and 321289.
1
What is the greatest common factor of 2005217 and 7991?
131
Calculate the highest common factor of 5264 and 82334.
14
What is the greatest common divisor of 249158 and 2366?
182
Calculate the highest common factor of 114587 and 1567285.
947
Calculate the highest common divisor of 1728466 and 79462.
134
Calculate the highest common divisor of 1790295 and 156.
39
Calculate the highest common factor of 12 and 121901775.
3
Calculate the highest common factor of 91 and 34132501.
13
What is the greatest common factor of 87102 and 2122?
2
Calculate the greatest common factor of 14976 and 99468.
36
Calculate the highest common divisor of 44870 and 56770.
70
Calculate the highest common factor of 7168 and 4656512.
896
What is the highest common divisor of 11363632 and 64?
16
What is the greatest common divisor of 81483 and 23701?
173
What is the highest common divisor of 139164 and 48?
12
Calculate the greatest common divisor of 271924 and 393164.
1732
What is the greatest common factor of 473 and 1412120?
43
Calculate the highest common divisor of 10288 and 366992.
16
Calculate the greatest common divisor of 94032 and 1302768.
144
What is the greatest common factor of 314 and 21289357?
157
What is the highest common divisor of 923036 and 2844?
316
What is the greatest common factor of 17028522 and 198?
18
What is the greatest common factor of 28427151 and 7473?
141
What is the highest common divisor of 23838 and 270222?
174
Calculate the highest common divisor of 114 and 94118400.
114
Calculate the highest common divisor of 30035275 and 5.
5
Calculate the highest common divisor of 91495 and 6670.
145
Calculate the highest common divisor of 1380 and 15113355.
15
Calculate the highest common factor of 424 and 903124346.
106
Calculate the greatest common divisor of 220 and 3137255.
55
What is the greatest common factor of 143435 and 1240?
5
What is the greatest common factor of 5999198 and 54944?
3434
What is the greatest common factor of 1315305913 and 589?
589
Calculate the highest common factor of 2674410 and 310.
10
What is the greatest common factor of 2232 and 19770312?
744
Calculate the highest common factor of 315 and 20172621.
21
What is the greatest common factor of 299 and 29550170?
299
What is the highest common divisor of 248366552 and 96?
8
What is the greatest common divisor of 1066 a